 h be c(-9). Suppose l + 190 = h*l + 5*y, 5*l - y - 178 = 0. What is the units digit of l?
6
Let m = -6560 + 4082. Let k be (-2)/(-2)*m/(-3). Suppose k = 13*j - 669. What is the hundreds digit of j?
1
What is the hundreds digit of 23122/(-19*2/(-19))?
5
Suppose 0 = -4*m - 4*s + 114208, 28564 = -79*m + 80*m - s. What is the hundreds digit of m?
5
Let z(q) = -5817*q + 3753. What is the tens digit of z(-9)?
0
Suppose 0 = 4*c - 2*z - 220354, -68150 + 343596 = 5*c - 2*z. What is the ten thousands digit of c?
5
Suppose 12*y = -5*r + 16*y + 11, -2 = -2*y. Suppose -9*w + r*w = -498. What is the tens digit of w?
8
Suppose -31*o - 6*o = 37. Let j(g) = -1003*g**3 + 10*g**2 + 13*g + 2. What is the thousands digit of j(o)?
1
What is the units digit of (36/48)/(9/82692)?
1
Let j(o) = o**2 + 22*o - 9. Let q(k) = -k**2 - 6*k - 21. Let w be q(-6). Let y be j(w). What is the units digit of (-4572)/y + 6/(-15)*1?
2
Let b(w) = -127*w + 15. Let q(y) = 3430*y - 405. Let h(u) = -55*b(u) - 2*q(u). What is the hundreds digit of h(1)?
1
Let j = -9691 + 20217. What is the ten thousands digit of j?
1
Suppose 0*v + 35*v = 3115. Suppose -3*b + v = z - 50, 715 = 5*z - 5*b. What is the hundreds digit of z?
1
Let x be 9/(-30)*-4*(-5)/(-3). What is the hundreds digit of (-34177)/(-55) + x/(-5)?
6
Let i(f) = 6*f + 213. Let j be i(-34). Suppose -4*k + j*k - 5025 = 0. What is the thousands digit of k?
1
Suppose 294083 = 76*t - 2487137. What is the thousands digit of t?
6
Let j(n) = 7*n**2 + 23*n - 2. Let s be j(-3). What is the hundreds digit of s/(64/(-4984)) - -3?
6
Let y(z) = -420*z - 1788. What is the hundreds digit of y(-45)?
1
Let q = 1246 + -3011. Let l = -621 - q. What is the tens digit of ((-3)/4)/((-11)/l)?
7
Suppose -2*b = l + 1, 0*l = -l - b. Let k be (4 + -119)*(-3)/l. Suppose 5*y - k = -0*y. What is the units digit of y?
9
Let q(p) = 301*p**2 - 44*p - 37. What is the ten thousands digit of q(-6)?
1
What is the units digit of ((-2)/(-8))/(((-102)/8)/(-17))*63186?
2
Let x(u) be the second derivative of 11*u**4/12 + 3*u**3/2 + 4*u. Let f be x(-4). Suppose 0 = 5*d - 15, 4*k - 5*d = 5*k - f. What is the hundreds digit of k?
1
Suppose -2*s + 5*s + 438 = n, 4*s - 2228 = -5*n. Let j = n - 129. What is the hundreds digit of j?
3
Suppose 0 = -2*c + d - 15, -d = -c - 4*d + 10. What is the thousands digit of 786/c*480/(-64)?
1
Suppose -58 = -15*z + 17. Suppose z*w - 3*v - 6590 = 0, -w + 382 = 3*v - 918. What is the units digit of w?
5
Let y = 17 + -28. Let x be 4/26 + y/(858/(-10284)). Suppose -2*m = -5*b - x, 164 = 3*m + 2*b - b. What is the tens digit of m?
5
Let u = -951 - -6613. Suppose 0 = 3*y + 4*q - 3*q - 4249, 4*y + 2*q - u = 0. What is the tens digit of y?
1
Suppose 3627 - 69196 = -7*d. Suppose -6*q + d = 11*q. What is the tens digit of q?
5
Let o = 103311 - 62865. What is the tens digit of o?
4
Let a = 230 - 234. What is the tens digit of 6/a*36140/(-78)?
9
Suppose -h + 9*h + 11*h - 290434 = 0. What is the ten thousands digit of h?
1
Suppose -18*i - 11*i + 338504 = 3177. What is the tens digit of i?
6
Let b = -9174 + 52644. What is the hundreds digit of b?
4
Let t(k) = -3747*k**3 - k**2 - 45*k - 44. What is the tens digit of t(-1)?
4
Let b(u) = 16*u**2 + 134*u - 4407. What is the ten thousands digit of b(44)?
3
Suppose 3*r - 312 = 687. Let q(c) = -c**3 - 4*c**2 + 4*c - 4. Let t be q(-8). Let s = r - t. What is the tens digit of s?
1
Suppose -57063 = -2*u - 5*p, -38715 = -u - 5*p - 10201. What is the hundreds digit of u?
5
Suppose 3*w = -4*h - 86, 0*h - 5*h = -20. Let i be 1/((-14)/(-35)) + (-3)/(-2). What is the tens digit of (w/(-8))/(7 + (-27)/i)?
1
Let v be (-26 - -39) + (-3)/(-3). Suppose k = 5*k - 2*y - 11232, 0 = -k + 2*y + 2808. Suppose v*i = -4*i + k. What is the units digit of i?
6
Suppose -3*c + 2*p = -4345, 3*c - 2579 = 3*p + 1768. What is the thousands digit of c?
1
Suppose -4*k + 5*v = 3*k - 442087, -252627 = -4*k - 3*v. What is the hundreds digit of k?
1
What is the thousands digit of 0 + (-515095)/(-60) + (-3)/(-36)?
8
Suppose 5*o + 4 = z, 5*z + o + 26 = z. What is the hundreds digit of (17*(-81)/z)/((-3)/(-4))?
3
Let i(c) = -7*c**2 + 14*c - 16. Let j(u) = -11*u**2 + 21*u - 24. Let r(z) = -8*i(z) + 5*j(z). Let m be r(6). What is the units digit of (2 - 1)/(m/106)?
3
Let n(z) = -2*z**3 - 81*z**2 - 3*z + 9. What is the ten thousands digit of n(-49)?
4
Let k(w) = -186*w + 4. Let t(c) = 93*c - 2. Let z = 33 - 36. Let h(r) = z*k(r) - 5*t(r). What is the units digit of h(1)?
1
Suppose -10*b + 4*b + 36 = 0. Suppose 9 = -q + 2*v, q - 18 = b*q - v. What is the units digit of (q - (-4 + 4)) + 75?
2
Let p be 5763/34*(-52)/(-6). Suppose -2*t = -p - 243. What is the hundreds digit of t?
8
Suppose -2*g = -6*t + 16142, -2*t + 0*g + g + 5380 = 0. What is the thousands digit of t?
2
Let j = -157 - -7581. What is the hundreds digit of j?
4
Suppose -27*c = -22*c + 10. Let h be (-5 + (-6852)/18)*(c + -1). Suppose -8*y = -1091 - h. What is the units digit of y?
1
Let p(x) = 265*x**2 - 81*x - 634. What is the ten thousands digit of p(-8)?
1
Suppose 16*n - 13*n = 5253. Suppose -9*g + 3829 + n = 0. What is the tens digit of g?
2
Let s(w) be the third derivative of 65*w**4/24 - 5*w**3/3 - 64*w**2. What is the tens digit of s(4)?
5
Suppose -c + 3 - 93 = 5*d, d = c + 102. Let x = -41 - c. Let w = 132 - x. What is the tens digit of w?
7
Let u be 12/20 + (-21)/(-15). Suppose 7*g - 4095 = -5*h + u*g, 5*h - 4086 = 4*g. What is the units digit of h?
8
Suppose -5*i + i = -12. Suppose 341 = 3*u + 4*a, 2*a + 12 = 4. Suppose u - 59 = i*b. What is the tens digit of b?
2
Let p(d) = -7*d + 21. Let c(g) = -7*g - 5. Let v(i) = -6*i - 4. Let q(y) = -5*c(y) + 6*v(y). Let m(f) = p(f) + 3*q(f). What is the hundreds digit of m(-15)?
1
Let h be (-136)/36 - -4 - 340/(-9). Suppose 6*s - 2 = -h. Let c(m) = -m**3 - 4*m**2 - 8*m - 14. What is the hundreds digit of c(s)?
1
Suppose -6*x - 268 = 146. Let q = x - -71. What is the hundreds digit of 1*2/((-376)/(-187) - q)?
1
Let m(h) = -48*h**3 - 5*h**2 + 7. Let b be m(-4). Suppose 0 = -23*s + b + 1969. What is the hundreds digit of s?
2
Let j be (-12)/30*-65 + (-3)/1. Suppose 5*s + 0*a = -2*a + j, 2*s - 4*a = 14. Suppose -5*y + s*t + 290 = 0, 284 = 5*y + 3*t - 2*t. What is the tens digit of y?
5
Let u(r) = 200*r**2 - 203*r - 1036. What is the thousands digit of u(-5)?
4
Let u(h) = -17 + 2*h**2 - 4*h**2 + 12*h + 5*h**2 + 3*h**2 - h. What is the tens digit of u(-6)?
3
Suppose -3*y = 5*x - 7240, 0*y = 4*x + 4*y - 5800. Let z = -981 + x. What is the units digit of z?
4
Let m be (3/2)/(15/10). Suppose 3 = j + m. Suppose 0 = -2*v + 2*d - d + 66, -v + j*d + 27 = 0. What is the tens digit of v?
3
Suppose 0 = -24*o - 116836 + 639580. What is the hundreds digit of o?
7
What is the ten thousands digit of (20482/665)/((-12)/(-30230)) + 2/(-6)?
7
Let g(u) = -u**3 - 5*u**2 + 6*u + 5. Let f be g(-6). Suppose 0*a + 3*t - 14 = -a, f*a - 127 = 4*t. Let n = a + 41. What is the tens digit of n?
6
Suppose 51*y - 55*y = -8. Suppose -4*c - 5*p = -3763, c - p = -y*c + 2827. What is the tens digit of c?
4
Let t(p) = -p**2 - 10*p - 7. Let j be t(-9). Let s(b) = -b**3 + 3*b**2 + 25*b - 6. Let r be s(-4). Suppose j*z + 216 = r*z. What is the tens digit of z?
5
Suppose 3*n + w = 20, 27 = 2*n + 3*w + 2. Suppose n*z - 2*c = -1772, 203 = -z + c - 149. What is the units digit of -3*(z/12 + -5)?
4
Suppose 0 = 4*k + 4*y + 20, -k + y + 3 = 6. Let h be 130/k*1*(-16)/(-20). Let t = h - -34. What is the units digit of t?
8
Let l(d) = -1316*d**3 - 4*d**2 - 3*d - 2. What is the units digit of l(-1)?
3
Let n(a) = 231*a**3 + 19*a**2 - 211*a + 74. What is the units digit of n(7)?
1
Suppose t - 66 = -b + 60, 2*t + 5*b - 237 = 0. Suppose 3*m + 3*c - 168 = 0, 0 = 4*m - 2*c - 81 - t. Let k = -53 + m. What is the units digit of k?
1
Let j be 3 + -4*(-70)/(-40). What is the hundreds digit of 333 + 28/(-4) + j/(-1)?
3
Suppose 0 = j - 0*d + 2*d + 12, 2*d = -4*j - 18. Let f be (-5 - j)/(12/(-16)). Suppose -f*z - 3*m + 81 = -z, 5 = m. What is the tens digit of z?
2
Suppose -36*f + 26*f = 1340. Let s = 162 + f. What is the units digit of s?
8
Let w be ((-3)/(-6))/(2/8). Suppose 5*h + 2 = v - 7, w*h = -v - 5. What is the hundreds digit of 6 - 10 - (h + -102)?
1
Suppose 13*w + 166508 = 29*w - 84308. What is t